{"id":6850,"date":"2024-02-28T16:32:10","date_gmt":"2024-02-28T15:32:10","guid":{"rendered":"https:\/\/amicaleggd91.org\/?page_id=6850"},"modified":"2024-02-28T16:32:11","modified_gmt":"2024-02-28T15:32:11","slug":"mentions-legales-v2","status":"publish","type":"page","link":"https:\/\/amicaleggd91.fr\/index.php\/mentions-legales-v2\/","title":{"rendered":"Mentions l\u00e9gales V2"},"content":{"rendered":"\n<p><strong><u>Propri\u00e9taire \/ \u00c9diteur :<\/u><\/strong><\/p>\n\n\n\n<p>amicaleggd91.org est un site web \u00e9dit\u00e9 par Amicale des personnels et amis du Groupement de Gendarmerie D\u00e9partementale de l\u2019Essonne et publi\u00e9 sous la direction de MOREL Thierry \u2013 pr\u00e9sident de l\u2019association.<\/p>\n\n\n\n<p>L\u2019ensemble du site amicaleggd91.org, pages et contenus, est la propri\u00e9t\u00e9 de l\u2019Amicale des personnels et amis du Groupement de Gendarmerie D\u00e9partementale de l\u2019Essonne.<\/p>\n\n\n\n<p><strong><u>Contact administratif du site amicaleggd91.org :<\/u><\/strong><\/p>\n\n\n\n<p>Amicale des personnels et amis du Groupement de Gendarmerie D\u00e9partementale de l\u2019Essonne<\/p>\n\n\n\n<p>Pr\u00e9sident : MOREL Thierry<\/p>\n\n\n\n<p>Si\u00e8ge : GGD91, 11 rue jean malezieux, 91000 Evry<\/p>\n\n\n\n<p>T\u00e9l\u00e9phone :<\/p>\n\n\n\n<p>Courriel : Mail de MOREL Thierry<\/p>\n\n\n\n<p><strong><u>H\u00e9bergeur&nbsp;:<\/u><\/strong><\/p>\n\n\n\n<p>Le site amicaleggd91.org est h\u00e9berg\u00e9 par OVH<\/p>\n\n\n\n<p><strong><u>Concepteur \/ Cr\u00e9ateur&nbsp;:<\/u><\/strong><\/p>\n\n\n\n<p>Le site amicaleggd91.org a \u00e9t\u00e9 cr\u00e9\u00e9 b\u00e9n\u00e9volement par des adh\u00e9rents.<\/p>\n\n\n\n<p><strong><u>Webmaster&nbsp;:<\/u><\/strong><\/p>\n\n\n\n<p>ADC (r) GUYOLARD Franck \/- Groupement de Gendarmerie D\u00e9partementale de l\u2019Essonne<\/p>\n\n\n\n<p>ADJ (r) PARISELLE Romain \/- Groupement de Gendarmerie D\u00e9partementale de l\u2019Essonne<\/p>\n\n\n\n<p><strong><u>Fonctionnement du site&nbsp;:<\/u><\/strong><\/p>\n\n\n\n<p>Les pages et le contenu de ce site sont g\u00e9n\u00e9r\u00e9s par le logiciel WordPress, distribu\u00e9 sous licence GPL.<\/p>\n\n\n\n<p>Vous pouvez l\u2019utiliser librement pour r\u00e9aliser votre propre site web.<\/p>\n\n\n\n<p><strong><u>Contenus et droits de reproduction&nbsp;:<\/u><\/strong><\/p>\n\n\n\n<p>En application des articles L. 111-1 et L. 123-1 du Code de la Propri\u00e9t\u00e9 Intellectuelle, l\u2019ensemble des contenus de ce site (textes, images, vid\u00e9os et tout m\u00e9dia en g\u00e9n\u00e9ral), sauf mention contraire explicite, est prot\u00e9g\u00e9 par le droit d\u2019auteur.<\/p>\n\n\n\n<p>La reproduction, m\u00eame partielle, des contenus des pages de ce site sans accord pr\u00e9alable de l\u2019Amicale des personnels et amis du Groupement de Gendarmerie D\u00e9partementale de l\u2019Essonne est strictement interdite.<\/p>\n\n\n\n<p><strong><u>Cr\u00e9dits photos&nbsp;:<\/u><\/strong><\/p>\n\n\n\n<p>GGD91 \/ CCOM<\/p>\n\n\n\n<p><strong><u>Cr\u00e9ation de liens vers le site&nbsp;:<\/u><\/strong><\/p>\n\n\n\n<p>Le site amicalegg91.org permet, sans autorisation pr\u00e9alable, la mise en place de liens hypertextes pointant vers ses pages, sous r\u00e9serve de :<\/p>\n\n\n\n<p><strong><u>Protection et traitement de donn\u00e9es \u00e0 caract\u00e8re personnel&nbsp;:<\/u><\/strong><\/p>\n\n\n\n<p>Les informations \u00e9ventuellement recueillies par Amicale des personnels et amis du Groupement de Gendarmerie D\u00e9partementale de l\u2019Essonne ne sont jamais communiqu\u00e9es \u00e0 des tiers.<\/p>\n\n\n\n<p>En application de la loi n\u00b0 78-17 du 6 janvier 1978 relative \u00e0 l\u2019informatique, aux fichiers et aux libert\u00e9s, l\u2019internaute dispose d\u2019un droit d\u2019acc\u00e8s, de rectification et de suppression des informations personnelles le concernant stock\u00e9es, qu\u2019il peut exercer \u00e0 tout moment aupr\u00e8s de l\u2019administrateur de l\u2019Amicale des personnels et amis du Groupement de Gendarmerie D\u00e9partementale de l\u2019Essonne.<\/p>\n\n\n\n<p>Pour une demande de ce type, veuillez adresser un courrier \u00e0 l\u2019adresse courriel : bonjour@amicaleggd91.org<\/p>\n\n\n\n<p><strong><u>Cookies&nbsp;:<\/u><\/strong><\/p>\n\n\n\n<p>Certaines informations nominatives et certains marqueurs t\u00e9moins peuvent \u00eatre enregistr\u00e9s sur l\u2019ordinateur personnel de l\u2019internaute sans expression de la volont\u00e9 de ce dernier (\u201ccookies\u201d ou \u201capplets JAVA\u201d). Sauf indication contraire explicite [*], ces proc\u00e9d\u00e9s techniques ne sont pas indispensables au bon fonctionnement de ce site et leur utilisation peut bien entendu \u00eatre d\u00e9sactiv\u00e9e dans le navigateur utilis\u00e9 par l\u2019internaute sans que sa navigation en soit affect\u00e9e. Aucune de ces informations n\u2019est conserv\u00e9e par le site apr\u00e8s d\u00e9connexion de l\u2019internaute.<\/p>\n\n\n\n<p>[*] Il est utile de pr\u00e9ciser ici que les acc\u00e8s aux diff\u00e9rents espaces priv\u00e9s du site peuvent n\u00e9cessiter l\u2019acceptation par l\u2019internaute du d\u00e9p\u00f4t d\u2019un cookie sur son ordinateur personnel pour une question de s\u00e9curit\u00e9.<\/p>\n\n\n\n<p><strong><u>Limitation de responsabilit\u00e9&nbsp;:<\/u><\/strong><\/p>\n\n\n\n<p>L\u2019Amicale des personnels et amis du Groupement de Gendarmerie D\u00e9partementale de l\u2019Essonne comporte des informations mises \u00e0 disposition par des soci\u00e9t\u00e9s externes ou des liens hypertextes vers d\u2019autres sites ou d\u2019autres sources externes qui n\u2019ont pas \u00e9t\u00e9 d\u00e9velopp\u00e9s par l\u2019Amicale des personnels et amis du Groupement de Gendarmerie D\u00e9partementale de l\u2019Essonne. Les comportements des sites cibles, \u00e9ventuellement malveillants, ne sauraient \u00eatre rattach\u00e9s \u00e0 notre responsabilit\u00e9.<\/p>\n\n\n\n<p>Plus g\u00e9n\u00e9ralement, le contenu mis \u00e0 disposition sur ce site est fourni \u00e0 titre informatif. Il appartient \u00e0 l\u2019internaute d\u2019utiliser ces informations avec discernement. La responsabilit\u00e9 de l\u2019Amicale des personnels et amis du Groupement de Gendarmerie D\u00e9partementale de l\u2019Essonne ne saurait \u00eatre engag\u00e9e de fait quant aux informations, opinions et recommandations formul\u00e9es par des tiers.<\/p>\n\n\n\n<p>Dans la mesure o\u00f9 on ne peut contr\u00f4ler ces sites ou sources externes, l\u2019Amicale des personnels et amis du Groupement de Gendarmerie D\u00e9partementale de l\u2019Essonne ne peut \u00eatre tenue pour responsable de la mise \u00e0 disposition de ces sites ou sources externes et ne peut supporter aucune responsabilit\u00e9 quant aux contenus, publicit\u00e9s, produits, services ou tout autre mat\u00e9riel disponible sur ou \u00e0 partir de ces sites ou sources externes.<\/p>\n","protected":false},"excerpt":{"rendered":"<p>Propri\u00e9taire \/ \u00c9diteur : amicaleggd91.org est un site web \u00e9dit\u00e9 par Amicale des personnels et amis du Groupement de Gendarmerie D\u00e9partementale de l\u2019Essonne et publi\u00e9 sous la direction de MOREL Thierry \u2013 pr\u00e9sident de l\u2019association. L\u2019ensemble du site amicaleggd91.org, pages et contenus, est la propri\u00e9t\u00e9 de l\u2019Amicale des personnels et amis du Groupement de Gendarmerie [&hellip;]<\/p>\n","protected":false},"author":4,"featured_media":0,"parent":0,"menu_order":0,"comment_status":"closed","ping_status":"closed","template":"","meta":{"_vp_format_video_url":"","_vp_image_focal_point":[],"footnotes":""},"class_list":["post-6850","page","type-page","status-publish","hentry"],"_links":{"self":[{"href":"https:\/\/amicaleggd91.fr\/index.php\/wp-json\/wp\/v2\/pages\/6850","targetHints":{"allow":["GET"]}}],"collection":[{"href":"https:\/\/amicaleggd91.fr\/index.php\/wp-json\/wp\/v2\/pages"}],"about":[{"href":"https:\/\/amicaleggd91.fr\/index.php\/wp-json\/wp\/v2\/types\/page"}],"author":[{"embeddable":true,"href":"https:\/\/amicaleggd91.fr\/index.php\/wp-json\/wp\/v2\/users\/4"}],"replies":[{"embeddable":true,"href":"https:\/\/amicaleggd91.fr\/index.php\/wp-json\/wp\/v2\/comments?post=6850"}],"version-history":[{"count":1,"href":"https:\/\/amicaleggd91.fr\/index.php\/wp-json\/wp\/v2\/pages\/6850\/revisions"}],"predecessor-version":[{"id":6851,"href":"https:\/\/amicaleggd91.fr\/index.php\/wp-json\/wp\/v2\/pages\/6850\/revisions\/6851"}],"wp:attachment":[{"href":"https:\/\/amicaleggd91.fr\/index.php\/wp-json\/wp\/v2\/media?parent=6850"}],"curies":[{"name":"wp","href":"https:\/\/api.w.org\/{rel}","templated":true}]}}