{"id":6807,"date":"2024-02-27T15:27:49","date_gmt":"2024-02-27T14:27:49","guid":{"rendered":"https:\/\/amicaleggd91.org\/?page_id=6807"},"modified":"2025-05-07T18:14:37","modified_gmt":"2025-05-07T16:14:37","slug":"le-bureau","status":"publish","type":"page","link":"https:\/\/amicaleggd91.fr\/index.php\/le-bureau\/","title":{"rendered":"Le bureau"},"content":{"rendered":"\n<p>Pr\u00e9sident : MOREL Thierry<\/p>\n\n\n\n<p>Vice-pr\u00e9sident : BILLARD Jean-Paul<\/p>\n\n\n\n<p>Tr\u00e9sorier : GUYOLARD Franck<\/p>\n\n\n\n<p>Tr\u00e9sori\u00e8re-adjointe : DANIEL Marjorie<\/p>\n\n\n\n<p>Secr\u00e9taire : PARISELLE Romain<\/p>\n\n\n\n<p>Secr\u00e9taire-adjoint : MBARKI Oulpha<\/p>\n\n\n\n<p>Membre du bureau : DELAPLACE Alexandre <\/p>\n\n\n\n<h2 class=\"wp-block-heading\">Nos actions<\/h2>\n\n\n\n<p>Cerny 2024<\/p>\n\n\n\n<figure class=\"wp-block-image size-large\"><img loading=\"lazy\" decoding=\"async\" width=\"923\" height=\"1024\" src=\"https:\/\/amicaleggd91.org\/wp-content\/uploads\/2024\/06\/cerny1-2024-923x1024.jpg\" alt=\"\" class=\"wp-image-6984\" srcset=\"https:\/\/amicaleggd91.fr\/wp-content\/uploads\/2024\/06\/cerny1-2024-923x1024.jpg 923w, https:\/\/amicaleggd91.fr\/wp-content\/uploads\/2024\/06\/cerny1-2024-270x300.jpg 270w, https:\/\/amicaleggd91.fr\/wp-content\/uploads\/2024\/06\/cerny1-2024-768x852.jpg 768w, https:\/\/amicaleggd91.fr\/wp-content\/uploads\/2024\/06\/cerny1-2024-1384x1536.jpg 1384w, https:\/\/amicaleggd91.fr\/wp-content\/uploads\/2024\/06\/cerny1-2024-500x555.jpg 500w, https:\/\/amicaleggd91.fr\/wp-content\/uploads\/2024\/06\/cerny1-2024-800x888.jpg 800w, https:\/\/amicaleggd91.fr\/wp-content\/uploads\/2024\/06\/cerny1-2024-1280x1421.jpg 1280w, https:\/\/amicaleggd91.fr\/wp-content\/uploads\/2024\/06\/cerny1-2024.jpg 1500w\" sizes=\"auto, (max-width: 923px) 100vw, 923px\" \/><\/figure>\n","protected":false},"excerpt":{"rendered":"<p>Pr\u00e9sident : MOREL Thierry Vice-pr\u00e9sident : BILLARD Jean-Paul Tr\u00e9sorier : GUYOLARD Franck Tr\u00e9sori\u00e8re-adjointe : DANIEL Marjorie Secr\u00e9taire : PARISELLE Romain Secr\u00e9taire-adjoint : MBARKI Oulpha Membre du bureau : DELAPLACE Alexandre Nos actions Cerny 2024<\/p>\n","protected":false},"author":4,"featured_media":0,"parent":0,"menu_order":0,"comment_status":"closed","ping_status":"closed","template":"","meta":{"_vp_format_video_url":"","_vp_image_focal_point":[],"footnotes":""},"class_list":["post-6807","page","type-page","status-publish","hentry"],"_links":{"self":[{"href":"https:\/\/amicaleggd91.fr\/index.php\/wp-json\/wp\/v2\/pages\/6807","targetHints":{"allow":["GET"]}}],"collection":[{"href":"https:\/\/amicaleggd91.fr\/index.php\/wp-json\/wp\/v2\/pages"}],"about":[{"href":"https:\/\/amicaleggd91.fr\/index.php\/wp-json\/wp\/v2\/types\/page"}],"author":[{"embeddable":true,"href":"https:\/\/amicaleggd91.fr\/index.php\/wp-json\/wp\/v2\/users\/4"}],"replies":[{"embeddable":true,"href":"https:\/\/amicaleggd91.fr\/index.php\/wp-json\/wp\/v2\/comments?post=6807"}],"version-history":[{"count":15,"href":"https:\/\/amicaleggd91.fr\/index.php\/wp-json\/wp\/v2\/pages\/6807\/revisions"}],"predecessor-version":[{"id":7043,"href":"https:\/\/amicaleggd91.fr\/index.php\/wp-json\/wp\/v2\/pages\/6807\/revisions\/7043"}],"wp:attachment":[{"href":"https:\/\/amicaleggd91.fr\/index.php\/wp-json\/wp\/v2\/media?parent=6807"}],"curies":[{"name":"wp","href":"https:\/\/api.w.org\/{rel}","templated":true}]}}